 of 7?
False
Is 2 a factor of 1398242?
True
Is 5 a factor of 61737?
False
Is 7464491 a multiple of 11?
False
Is 39 a factor of 31161?
True
Does 10 divide 321870?
True
Is 16 a factor of 964585?
False
Does 87 divide 121647?
False
Does 2 divide 204089?
False
Is 146 a factor of 98404?
True
Is 17 a factor of 17748?
True
Is 5030329 a multiple of 407?
False
Is 568719 a multiple of 87?
True
Is 57355 a multiple of 19?
False
Does 24 divide 838848?
True
Is 10 a factor of 1472420?
True
Does 97 divide 940459?
False
Does 103 divide 2620526?
True
Does 47 divide 938942?
False
Is 14 a factor of 17878434?
True
Is 39 a factor of 2084437?
False
Is 584545 a multiple of 19?
False
Does 24 divide 1661256?
True
Is 6 a factor of 1471320?
True
Does 3 divide 124902?
True
Is 1184 a factor of 20200224?
True
Does 51 divide 30918?
False
Is 33456 a multiple of 4?
True
Is 1416664 a multiple of 8?
True
Is 403161 a multiple of 242?
False
Is 939 a factor of 10442619?
True
Is 51296 a multiple of 33?
False
Does 288 divide 705600?
True
Is 2 a factor of 543078?
True
Is 84 a factor of 235434?
False
Is 48 a factor of 1910320?
False
Is 20 a factor of 9145048?
False
Is 51759 a multiple of 16?
False
Does 393 divide 769494?
True
Is 14 a factor of 36987?
False
Is 792660 a multiple of 44?
True
Does 19 divide 113528?
False
Is 3456734 a multiple of 934?
True
Does 146 divide 1973920?
True
Does 162 divide 28036369?
False
Does 4 divide 396784?
True
Is 7 a factor of 211498?
True
Is 1775 a factor of 4567075?
True
Is 93 a factor of 352425?
False
Does 16 divide 81536?
True
Is 122 a factor of 288620?
False
Does 37 divide 15767?
False
Does 69 divide 690158?
False
Is 114 a factor of 13857498?
True
Does 16 divide 247856?
True
Is 112823 a multiple of 192?
False
Is 55 a factor of 291622?
False
Is 15 a factor of 32530?
False
Does 6 divide 2490?
True
Is 86017 a multiple of 11?
False
Is 472416 a multiple of 152?
True
Is 2454841 a multiple of 119?
False
Is 369496 a multiple of 15?
False
Does 97 divide 22767874?
False
Does 5 divide 879954?
False
Does 5 divide 12049?
False
Is 159540 a multiple of 20?
True
Does 75 divide 2164058?
False
Is 132 a factor of 4950924?
True
Is 379120 a multiple of 8?
True
Is 19576410 a multiple of 21?
True
Is 837720 a multiple of 537?
True
Does 351 divide 137245?
False
Does 27 divide 100224?
True
Is 817 a factor of 1749410?
False
Does 90 divide 1561320?
True
Does 95 divide 9593670?
True
Does 137 divide 78813?
False
Does 43 divide 629792?
False
Does 170 divide 124240?
False
Is 14 a factor of 36449?
False
Is 3 a factor of 562114?
False
Is 13222056 a multiple of 18?
False
Is 154 a factor of 425656?
True
Does 6 divide 166550?
False
Is 52 a factor of 1615380?
True
Does 3 divide 147135?
True
Does 39 divide 814409?
False
Is 432256 a multiple of 44?
True
Is 899 a factor of 409045?
True
Is 244441 a multiple of 29?
True
Is 5282829 a multiple of 9?
True
Is 12 a factor of 950568?
True
Is 15 a factor of 702791?
False
Is 37 a factor of 89503?
True
Does 26 divide 2451495?
False
Does 29 divide 212250?
False
Is 32340 a multiple of 165?
True
Is 101310 a multiple of 66?
True
Is 143 a factor of 326326?
True
Does 67 divide 7849611?
False
Is 8 a factor of 183468?
False
Is 196415 a multiple of 6?
False
Is 225 a factor of 1264950?
True
Does 1906 divide 24118314?
False
Is 53983 a multiple of 375?
False
Is 174200 a multiple of 25?
True
Does 25 divide 6066238?
False
Does 3 divide 590804?
False
Is 15 a factor of 823586?
False
Is 4 a factor of 3888075?
False
Does 10 divide 791292?
False
Is 57279 a multiple of 61?
True
Is 2023540 a multiple of 830?
True
Is 622951 a multiple of 6?
False
Does 321 divide 4530280?
False
Does 48 divide 74124?
False
Does 8 divide 118953?
False
Does 166 divide 204512?
True
Does 2 divide 125?
False
Is 932 a factor of 11010456?
False
Is 417 a factor of 148452?
True
Is 158864 a multiple of 23?
False
Does 87 divide 951954?
True
Does 645 divide 1971765?
True
Is 169260 a multiple of 62?
True
Is 123253 a multiple of 127?
False
Does 40 divide 458084?
False
Does 34 divide 1142978?
True
Is 138 a factor of 139054?
False
Does 392 divide 4262303?
False
Is 7 a factor of 182850?
False
Is 1762290 a multiple of 366?
True
Is 64 a factor of 74021?
False
Is 261422 a multiple of 46?
False
Is 729 a factor of 2333184?
False
Does 16 divide 14797504?
True
Is 7 a factor of 146676?
False
Does 88 divide 93648?
False
Does 578 divide 53101?
False
Is 158457 a multiple of 13?
True
Does 196 divide 184861?
False
Does 40 divide 60360?
True
Does 107 divide 1259355?
False
Does 22 divide 8519500?
True
Does 61 divide 192455?
True
Is 10 a factor of 21980?
True
Does 13 divide 281632?
True
Does 1261 divide 14091323?
False
Is 245 a factor of 65998?
False
Does 24 divide 1023373?
False
Is 62271 a multiple of 407?
True
Is 589268 a multiple of 97?
False
Is 77 a factor of 177968?
False
Is 100 a factor of 113700?
True
Does 197 divide 298467?
False
Is 292908 a multiple of 22?
True
Does 61 divide 1657976?
False
Does 43 divide 4643226?
True
Is 35 a factor of 1782865?
True
Does 841 divide 6051299?
False
Does 88 divide 434016?
True
Is 105 a factor of 662655?
True
Is 475 a factor of 5854850?
True
Is 39 a factor of 1077765?
True
Is 53380 a multiple of 34?
True
Does 137 divide 3638309?
True
Is 310994 a multiple of 72?
False
Does 160 divide 167200?
True
Is 25 a factor of 173400?
True
Is 374915 a multiple of 508?
False
Does 17 divide 91511?
True
Is 37884 a multiple of 6?
True
Is 17 a factor of 4424856?
False
Does 135 divide 6869880?
True
Is 77700 a multiple of 50?
True
Is 83545 a multiple of 341?
True
Does 76 divide 66652?
True
Does 36 divide 307584?
True
Is 124 a factor of 38316?
True
Is 6 a factor of 66528?
True
Is 19759 a multiple of 9?
False
Is 7637541 a multiple of 23?
True
Is 21 a factor of 517209?
True
Does 958 divide 9934460?
True
Is 4244240 a multiple of 265?
True
Does 12 divide 1493748?
True
Is 54697 a multiple of 83?
True
Does 9 divide 37080?
True
Is 14837808 a multiple of 24?
True
Is 16 a factor of 52473?
False
Is 103 a factor of 219287?
True
Is 61555 a multiple of 13?
True
Is 174930 a multiple of 105?
True
Does 726 divide 1973213?
False
Is 117157 a multiple of 20?
False
Does 39 divide 4820751?
True
Is 5708 a multiple of 4?
True
Is 5 a factor of 52715?
True
Is 534730 a multiple of 35?
True
Is 5 a factor of 4708?
False
Does 495 divide 3434805?
True
Is 3282335 a multiple of 40?
False
Is 50 a factor of 678700?
True
Is 70 a factor of 1277994?
False
Does 198 divide 3615282?
True
Does 54 divide 1071658?
False
Is 886171 a multiple of 6?
False
Is 51 a factor of 785706?
True
Is 183 a factor of 1571055?
True
Does 553 divide 1009215?
False
Is 10520424 a multiple of 18?
True
Does 9 divide 21877?
False
Is 978820 a multiple of 1090?
True
Does 845 divide 653194?
False
Does 107 divide 34561?
True
Is 338 a factor of 1596036?
True
Does 730 divide 1714770?
True
Does 85 divide 58595?
False
Is 35 a factor of 508403?
False
Is 20 a factor of 2787580?
True
Is 362304 a multiple of 32?
True
Is 97013 a multiple of 2?
False
Does 59 divide 33807?
True
Does 5 divide 6328?
False
Does 5 divide 955431?
False
Does 85 divide 11873000?
False
Is 96296 a multiple of 28?
False
Is 300692 a multiple of 71?
False
Does 170 divide 22610?
True
Is 1201 a factor of 15967295?
True
Does 30 divide 3031684?
False
Does 5 divide 14434?
False
Is 69792 a multiple of 16?
True
Is 1768986 a multiple of 714?
False
Does 334 divide 10580452?
True
Is 32 a factor of 2504512?
True
Is 1638090 a multiple of 124?
False
Does 82 divide 315210?
False
Is 32 a factor of 38780?
False
Does 86 divide 24418?
False
Does 556 divide 27879054?
False
Does 10 divide 1037800?
True
Does 51 divide 288411?
False
Does 207 divide 310875?
False
Is 462522 a multiple of 9?
False
Does 501 divide 495434?
False
Is 91 a factor of 43891?
False
Is 1458480 a multiple of 240?
True
Is 71 a factor of 7591320?
True
Does 68 divide 434172?
False
Is 57064 a multiple of 102?
False
Does 211 divide 14625470?
False
Is 400 a factor of 2095200?
True
Is 150 a factor of 13149051?
False
Does 76 divide 346028?
True
Is 98 a factor of 25186?
True
Does 74 divide 164650?
True
Is 78 a factor of 127842?
True
Does 35 divide 32464?
False
Is 2275591 a multiple of 1295?
False
Is 408002 a multiple of 302?
True
Does 40 divide 3454052?
False
Is 41686 a mu